emainder when 123 is divided by 40?
3
Calculate the remainder when 1411 is divided by 177.
172
What is the remainder when 219 is divided by 117?
102
What is the remainder when 52 is divided by 2?
0
What is the remainder when 329 is divided by 14?
7
What is the remainder when 1042 is divided by 55?
52
Calculate the remainder when 96486 is divided by 213.
210
What is the remainder when 450 is divided by 51?
42
What is the remainder when 103 is divided by 55?
48
What is the remainder when 256 is divided by 41?
10
What is the remainder when 175 is divided by 90?
85
Calculate the remainder when 116 is divided by 52.
12
Calculate the remainder when 140 is divided by 38.
26
What is the remainder when 1287 is divided by 43?
40
Calculate the remainder when 188 is divided by 60.
8
What is the remainder when 710 is divided by 207?
89
What is the remainder when 431 is divided by 31?
28
What is the remainder when 4 is divided by 3?
1
Calculate the remainder when 100 is divided by 17.
15
What is the remainder when 150 is divided by 3?
0
Calculate the remainder when 68 is divided by 38.
30
What is the remainder when 1169 is divided by 35?
14
What is the remainder when 89 is divided by 12?
5
Calculate the remainder when 2025 is divided by 672.
9
What is the remainder when 13474 is divided by 107?
99
What is the remainder when 1201 is divided by 244?
225
What is the remainder when 5880 is divided by 111?
108
Calculate the remainder when 310 is divided by 29.
20
What is the remainder when 664 is divided by 20?
4
What is the remainder when 2735 is divided by 38?
37
What is the remainder when 534 is divided by 50?
34
Calculate the remainder when 610 is divided by 47.
46
Calculate the remainder when 249 is divided by 36.
33
Calculate the remainder when 163 is divided by 46.
25
Calculate the remainder when 403 is divided by 26.
13
What is the remainder when 20 is divided by 15?
5
Calculate the remainder when 530 is divided by 158.
56
What is the remainder when 391 is divided by 57?
49
What is the remainder when 1129 is divided by 286?
271
Calculate the remainder when 101 is divided by 58.
43
Calculate the remainder when 385 is divided by 129.
127
Calculate the remainder when 1979 is divided by 44.
43
Calculate the remainder when 157 is divided by 5.
2
What is the remainder when 1545 is divided by 407?
324
What is the remainder when 3421 is divided by 149?
143
What is the remainder when 552 is divided by 372?
180
What is the remainder when 1673 is divided by 129?
125
What is the remainder when 319 is divided by 163?
156
What is the remainder when 391 is divided by 25?
16
Calculate the remainder when 28 is divided by 16.
12
What is the remainder when 180 is divided by 14?
12
What is the remainder when 333 is divided by 48?
45
What is the remainder when 253 is divided by 86?
81
Calculate the remainder when 414 is divided by 17.
6
Calculate the remainder when 158 is divided by 23.
20
Calculate the remainder when 975 is divided by 78.
39
What is the remainder when 148 is divided by 142?
6
Calculate the remainder when 2967 is divided by 56.
55
What is the remainder when 1132 is divided by 14?
12
What is the remainder when 106 is divided by 24?
10
Calculate the remainder when 13247 is divided by 47.
40
Calculate the remainder when 135 is divided by 38.
21
What is the remainder when 461 is divided by 62?
27
Calculate the remainder when 159 is divided by 36.
15
What is the remainder when 28 is divided by 21?
7
Calculate the remainder when 459 is divided by 118.
105
Calculate the remainder when 760 is divided by 215.
115
What is the remainder when 168 is divided by 17?
15
Calculate the remainder when 560 is divided by 193.
174
Calculate the remainder when 1901 is divided by 17.
14
What is the remainder when 161 is divided by 42?
35
Calculate the remainder when 208 is divided by 15.
13
What is the remainder when 3358 is divided by 12?
10
What is the remainder when 87526 is divided by 12?
10
Calculate the remainder when 912 is divided by 190.
152
Calculate the remainder when 57 is divided by 52.
5
Calculate the remainder when 1176 is divided by 1120.
56
Calculate the remainder when 1826 is divided by 351.
71
What is the remainder when 1079 is divided by 146?
57
Calculate the remainder when 102 is divided by 15.
12
What is the remainder when 62 is divided by 60?
2
Calculate the remainder when 483 is divided by 112.
35
What is the remainder when 2305 is divided by 4?
1
Calculate the remainder when 8139 is divided by 5.
4
Calculate the remainder when 832 is divided by 110.
62
What is the remainder when 175 is divided by 26?
19
What is the remainder when 1319 is divided by 44?
43
What is the remainder when 87 is divided by 10?
7
Calculate the remainder when 1250 is divided by 28.
18
What is the remainder when 69 is divided by 69?
0
Calculate the remainder when 164 is divided by 30.
14
What is the remainder when 487 is divided by 62?
53
What is the remainder when 57 is divided by 3?
0
Calculate the remainder when 272 is divided by 69.
65
Calculate the remainder when 218 is divided by 28.
22
What is the remainder when 6220 is divided by 17?
15
What is the remainder when 2234 is divided by 15?
14
What is the remainder when 394 is divided by 125?
19
Calculate the remainder when 8258 is divided by 81.
77
What is the remainder when 230 is divided by 58?
56
Calculate the remainder when 330 is divided by 53.
12
What is the remainder when 203 is divided by 11?
5
Calculate the remainder when 70 is divided by 69.
1
Calculate the remainder when 67 is divided by 38.
29
Calculate the remainder when 34 is divided by 6.
4
What is the remainder when 212 is divided by 17?
8
What is the remainder when 3257 is divided by 37?
1
What is the remainder when 153 is divided by 22?
21
What is the remainder when 466 is divided by 11?
4
What is the remainder when 1328 is divided by 14?
12
Calculate the remainder when 41 is divided by 25.
16
Calculate the remainder when 45939 is divided by 26.
23
Calculate the remainder when 344 is divided by 118.
108
Calculate the remainder when 539 is divided by 251.
37
What is the remainder when 2082 is divided by 5?
2
Calculate the remainder when 1605 is divided by 73.
72
What is the remainder when 433 is divided by 7?
6
What is the remainder when 4419 is divided by 2207?
5
What is the remainder when 112 is divided by 15?
7
What is the remainder when 843 is divided by 241?
120
Calculate the remainder when 481 is divided by 404.
77
Calculate the remainder when 181 is divided by 3.
1
What is the remainder when 203 is divided by 12?
11
What is the remainder when 299 is divided by 76?
71
What is the remainder when 1326 is divided by 6?
0
Calculate the remainder when 4676 is divided by 2323.
30
What is the remainder when 39 is divided by 37?
2
Calculate the remainder when 848 is divided by 37.
34
Calculate the remainder when 822 is divided by 54.
12
Calculate the remainder when 871 is divided by 246.
133
What is the remainder when 765 is divided by 48?
45
Calculate the remainder when 1087 is divided by 33.
31
Calculate the remainder when 16878 is divided by 17.
14
Calculate the remainder when 736 is divided by 92.
0
Calculate the remainder when 1296 is divided by 7.
1
Calculate the remainder when 1048 is divided by 22.
14
What is the remainder when 416 is divided by 105?
101
What is the remainder when 404 is divided by 100?
4
Calculate the remainder when 53 is divided by 51.
2
Calculate the remainder when 547 is divided by 356.
191
What is the remainder when 3294 is divided by 21?
18
What is the remainder when 3034 is divided by 76?
70
Calculate the remainder when 5738 is divided by 20.
18
Calculate the remainder when 303 is divided by 9.
6
Calculate the remainder when 129 is divided by 99.
30
Calculate the remainder when 658 is divided by 215.
13
Calculate the remainder when 985 is divided by 65.
10
Calculate the remainder when 21 is divided by 8.
5
Calculate the remainder when 130 is divided by 15.
10
What is the remainder when 175 is divided by 8?
7
What is the remainder when 33 is divided by 33?
0
What is the remainder when 6427 is divided by 29?
18
Calculate the remainder when 1873 is divided by 931.
11
Calculate the remainder when 8893 is divided by 69.
61
What is th